is m(4)?
-40
Let q(t) = -t**3 - 11*t**2 - 20*t + 5. What is q(-6)?
-55
Let b(p) = -p + 6. Calculate b(2).
4
Let p(k) = -42*k + 254. What is p(6)?
2
Let g(w) = 3*w + 50. What is g(-14)?
8
Let y(b) = 2*b**3 + 23*b**2 - 6*b + 64. Determine y(-12).
-8
Let q(s) = 5*s**3 + 38*s**2 - 15*s + 18. Determine q(-8).
10
Let d(o) = 2*o**2 - 2*o + 37. Determine d(0).
37
Let p(g) = -3*g**3 + 2*g**2 + 2*g - 1. Determine p(-1).
2
Let o(a) = -2*a**3 - 15*a**2 - 10*a - 21. Determine o(-7).
0
Let r(j) = 4*j - 83. Determine r(11).
-39
Let v(x) = 3*x**3 - 3*x**2 + x - 1. Give v(2).
13
Let h(g) = g**2 - 2*g - 22. Give h(7).
13
Let i(d) = d**3 - 2*d**2. What is i(3)?
9
Let b(r) = r**3 - 4*r**2 - 7*r + 6. Determine b(5).
-4
Let w(l) = l - 3. What is w(3)?
0
Let w(v) = v**3 + 8*v**2 - v + 1. What is w(-9)?
-71
Let o(t) = -2*t**2 - 45*t + 47. What is o(-22)?
69
Let l(o) = -o**3 + 3*o**2 - 4*o + 1. What is l(2)?
-3
Let q(d) = d**2 + 4*d - 3. What is q(-5)?
2
Let g(c) = c**3 + 5*c + 7. Calculate g(-3).
-35
Let g(v) = -22*v**3 + 2*v**2 + 5*v - 6. Determine g(2).
-164
Let n(x) = x**2 - 4*x + 1. What is n(2)?
-3
Let k(s) = s**2 + s + 5. Determine k(4).
25
Let a(l) = 3*l - 13. Calculate a(11).
20
Let w(g) = -2*g**3 - 4*g**2 + 11*g + 19. Calculate w(-2).
-3
Let r(n) = n**3 - 10*n**2 - 4*n + 2. Calculate r(11).
79
Let k(z) = -3*z**2 + 2*z + 19. Give k(0).
19
Let a(w) = -3*w - 31. Calculate a(-10).
-1
Let q(x) = -x**3 - 4*x**2 + 11*x - 1. Give q(-6).
5
Let z(s) = s**2 - 18*s + 65. What is z(15)?
20
Let f(q) = -q**3 - 5*q**2 + 2*q + 8. Give f(-4).
-16
Let n(m) = m**2 - 10*m - 10. Give n(11).
1
Let x(y) = 7*y + 36. Determine x(-15).
-69
Let v(x) = -x**2 + 12*x - 15. Give v(10).
5
Let g(y) = 14*y**3 - 69*y**2 - 2*y - 14. Calculate g(5).
1
Let z(d) = -12*d + 4. What is z(1)?
-8
Let q(n) = -2*n**3 + n**2 + n + 4. Give q(-2).
22
Let o(l) = -3*l**3 + 11*l**2 - 3*l + 1. Calculate o(3).
10
Let f(b) = -3*b**2 - 93*b + 95. Give f(1).
-1
Let j(n) = -n**3 - 3*n**2 + n + 1. Give j(-3).
-2
Let r(x) = -6*x + 35. Determine r(8).
-13
Let a(x) = -x**3 - 6*x**2 - 2*x - 8. Determine a(-6).
4
Let i(s) = s**2 + 7*s - 1. Calculate i(5).
59
Let j(c) = c**3 - 8*c**2 - 9*c + 25. Determine j(9).
25
Let w(v) = v**2 - 18*v + 48. Give w(15).
3
Let k(b) = 2*b**3 - b**2 + 7. What is k(4)?
119
Let j(u) = 12*u - 89. Calculate j(7).
-5
Let l(i) = -4*i**3 + 5*i**2 - 2*i. Determine l(2).
-16
Let n(o) = -4*o - 1. Determine n(10).
-41
Let l(o) = -14*o - 13. Calculate l(-2).
15
Let s(z) = -4*z - 24. Determine s(-9).
12
Let h(x) = x**2 + 6*x + 15. Give h(-4).
7
Let q(w) = -17*w + 269. Calculate q(15).
14
Let v(n) = -n**3 + 35*n**2 + n - 30. Determine v(35).
5
Let l(u) = 5*u + 9. Give l(-6).
-21
Let a(s) = -s**2 - 6*s - 8. Give a(-10).
-48
Let i(n) = -n**3 + 8*n**2 - 14*n + 9. Calculate i(6).
-3
Let i(n) = n**2 - 4*n - 3. What is i(-2)?
9
Let n(t) = t**2 - 7*t - 15. Determine n(8).
-7
Let j(c) = -2*c**3 - c**2 + 4*c + 1. Give j(3).
-50
Let c(z) = z**3 - 9*z**2 + 10*z - 12. Determine c(3).
-36
Let n(w) = 17*w + 7. Give n(-1).
-10
Let m(k) = 4*k**2 - 4*k - 2. Give m(-5).
118
Let w(s) = -2*s**2 + 2*s - 4. Determine w(2).
-8
Let w(k) = k**2 - 9*k + 5. Calculate w(8).
-3
Let t(b) = 6*b - 293. Calculate t(50).
7
Let n(y) = -2*y**3 + 23*y**2 - 10*y + 259. What is n(12)?
-5
Let c(a) = -8*a + 3. Determine c(1).
-5
Let b(s) = s**2 - 47*s + 72. Give b(45).
-18
Let d(k) = -2*k. What is d(1)?
-2
Let y(r) = -r**3 - 6*r**2 - 3*r - 4. What is y(-6)?
14
Let s(p) = -p**3 - 5*p**2 - 2*p + 10. What is s(-4)?
2
Let x(n) = -13*n - 6. What is x(-3)?
33
Let y(v) = 2*v**2 - 18*v + 2. Give y(9).
2
Let i(h) = -7*h - 12. Calculate i(-4).
16
Let s(z) = -z**2 + 14*z - 1. Calculate s(7).
48
Let f(u) = u**3 - 2*u**2 - 4*u + 2. What is f(3)?
-1
Let s(m) = m - 36. Calculate s(-8).
-44
Let u(c) = 2*c - 12. What is u(-4)?
-20
Let a(v) = -3*v + 8. Give a(6).
-10
Let t(r) = r**3 + 7*r**2 + 8*r + 8. Give t(-6).
-4
Let r(t) = -20*t + 33. Determine r(2).
-7
Let a(u) = 2*u**3 + 3*u**2 + 5*u - 1. What is a(-2)?
-15
Let t(y) = -5*y - 9. What is t(-3)?
6
Let m(a) = a**2 + 7*a - 11. Give m(-9).
7
Let x(j) = -j**2 + 6*j + 11. What is x(8)?
-5
Let m(j) = j**3 - 7*j**2 + 2*j + 7. What is m(7)?
21
Let k(r) = r**2 + r + 9. Calculate k(0).
9
Let v(l) = l - 4. Determine v(-2).
-6
Let p(r) = -r**3 + 17*r**2 + 3*r + 21. Give p(17).
72
Let n(c) = -4*c**2 + 5*c - 3. What is n(2)?
-9
Let h(x) = x**2 + 13*x + 39. Give h(-8).
-1
Let j(u) = -u**3 - 7*u**2 + 2*u - 4. What is j(-5)?
-64
Let t(a) = -88*a + 1241. What is t(14)?
9
Let p(c) = c - 15. What is p(0)?
-15
Let w(o) = o**3 + 3*o**2 - 4*o - 7. Give w(-3).
5
Let n(q) = -q**3 - 6*q**2 + 6*q + 4. What is n(-7)?
11
Let x(r) = -r**3 + 6*r**2 - 2*r - 1. Determine x(6).
-13
Let m(d) = -9*d - 6. Determine m(-1).
3
Let r(o) = -o**3 - 9*o**2 - 19*o - 1. Calculate r(-5).
-6
Let s(d) = 10*d - 73. What is s(7)?
-3
Let k(q) = -6*q**2 + 14*q - 12. What is k(5)?
-92
Let r(h) = 3*h - 37. Give r(11).
-4
Let o(c) = -c**2 + 11*c + 20. Calculate o(12).
8
Let u(j) = 2*j**3 - 11*j**2 + 5*j. Determine u(5).
0
Let l(m) = -m**3 - 6*m**2 + 4*m - 5. What is l(-6)?
-29
Let g(h) = -4*h - 22. What is g(-11)?
22
Let k(y) = -4*y**3 + y + 2. Calculate k(-1).
5
Let w(x) = 13*x - 9. Determine w(0).
-9
Let j(y) = 3*y**3 + 5*y**2 + 9*y + 6. Determine j(-3).
-57
Let v(x) = 3*x - 15. Calculate v(6).
3
Let b(k) = -k**2 + 23*k - 93. Calculate b(6).
9
Let i(y) = 5*y - 94. Give i(21).
11
Let k(u) = -u**3 + u**2 - 14*u + 31. Give k(3).
-29
Let p(t) = 2*t - 4. Determine p(-6).
-16
Let k(i) = i**3 - 11*i**2 + 9*i - 1. Give k(10).
-11
Let b(t) = t**3 + t + 89. Give b(0).
89
Let t(a) = -15*a - 42. Give t(-3).
3
Let w(u) = u**3 + 10*u**2 - 3*u - 4. What is w(-10)?
26
Let q(i) = i**3 - 32*i**2 + 29*i + 58. Give q(31).
-4
Let d(m) = -10*m**3 - 38*m**2 + 8*m + 7. Calculate d(-4).
7
Let f(i) = 2*i**2 + 2*i - 1. Determine f(-8).
111
Let c(p) = -18*p + 2. Give c(-5).
92
Let x(n) = -n**3 + 10*n**2 - 12*n + 1. What is x(9)?
-26
Let j(b) = b**3 - 2*b**2 + 2. What is j(1)?
1
Let p(f) = f**3 + 18*f**2 + 31*f - 18. Calculate p(-16).
-2
Let m(s) = s**2 + 25*s + 19. What is m(-24)?
-5
Let g(d) = -d**3 - 30*d**2 + 32*d - 3. Determine g(-31).
-34
Let u(z) = -53*z - 258. Calculate u(-5).
7
Let r(s) = -s - 24. Give r(-19).
-5
Let c(u) = 3*u**3 - 3*u**2 - 2*u - 2. What is c(3)?
46
Let g(y) = -y + 9. Give g(13).
-4
Let m(d) = -d**3 + 2*d**2 + 2*d + 102. Calculate m(0).
102
Let b(d) = d**3 - 6*d**2 - 4*d + 7. Give b(3).
-32
Let s(r) = -r**3 + r**2 + 13*r. Determine s(5).
-35
Let x(c) = -12*c**2 - c + 1. Give x(-2).
-45
Let w(s) = 2*s**2 + 21*s - 12. Calculate w(-11).
-1
Let o(h) = -7*h + 25. Determine o(4).
-3
Let x(f) = -8*f + 128. Calculate x(17).
-8
Let z(f) = f**3 - f**2 - f + 1. Determine z(-1).
0
Let w(g) = g**3 - 16*g**2 + 19*g - 34. Calculate w(14).
-160
Let v(l) = 7*l + 9. Calculate v(6).
51
Let o(t) = 2*t - 10. Calculate o(5).
0
Let s(l) = -8*l**3 + l + 1. Give s(-1).
8
Let x(v) = 9*v**2 + 23*v + 2. Calculate x(-3).
14
Let u(s) = -13*s + 37. Give u(6).
-41
Let r(x) = x**3 + 33*x**2 + 62*x + 5. Calculate r(-31).
5
Let j(d) = -d**3 + 3*d - 1. Determine j(4).
-53
Let q(j) = -5*j - 48. What is q(-6)?
-18
Let i(o) = o**2 + 10*o - 9. What is i(4)?
47
Let k(a) = a**2 + 5*a - 6. Calculate k(0).
-6
Let s(r) = -13*r + 34. Calculate s(7).
-57
Let k(r) = r**3 + 17*r**2 - r - 13. Calculate k(-17).
4
Let o(a) = -34*a - 108. Give o(-4).
28
Let d(j) = -j**3 - 93. Determine d(0).
-93
Let u(q) = -21*q**2 + q + 2. Determine u(-1).
-20
Let k(o) = -2*o - 13. Give k(-8).
3
Let j(g) = -2*g**2 + g + 7. Calculate j(5).
-38
Let k(y) = y**3 - 9*y**2 + 8*y - 5. What is k(8)?
-5
Let o(q) = -q**2 + q - 133. Give o(0).
-133
Let i(b) = b**3 - 4*b**2 + 3*b + 3. What is i(2)?
1
Let q(a) = -2*a**3 + 29*a**2 + 15*a + 14. Determine q(15).
14
Let i(w) = -w**2 - 3*w + 2. What is i(-8)?
-38
Let s(w) = 7*w + 23. Give s(8).
79
Let l(u) = -5*u**2 + 4*u - 3. Calculate l(1).
-4
Let d(y) = 17*y - 35. Give d(2).
-1
Let t(c) = -c**2 + 7*c + 7. Determine t(5).
17
Let i(c) = -5*c + 8. What is i(9)?
-37
Let y(t) = 3*t**2 + 19*t + 13. Give y(-6).
7
Let j(q) = 4*q + 86. Determine j(-18).
14
Let c(r) = 4*r**2 - 69*r + 84. Give c(16).
4
Let t(c) = -c**2 + 5*c + 12. Determine t(7).
-2
Let a(q) = -4*q + 19. Determine a(4).
3
Let g(n) = n*